{"id":19,"date":"2015-11-09T21:27:57","date_gmt":"2015-11-09T21:27:57","guid":{"rendered":"https:\/\/2016.frankfurt.wordcamp.org\/code-of-conduct\/"},"modified":"2016-05-22T21:30:01","modified_gmt":"2016-05-22T19:30:01","slug":"code-of-conduct","status":"publish","type":"page","link":"https:\/\/frankfurt.wordcamp.org\/2016\/code-of-conduct\/","title":{"rendered":"Code of Conduct"},"content":{"rendered":"<h1>Verhaltenskodex<br \/><span class=\"en\">Code of Conduct<\/span><\/h1>\n<div class=\"de pos_1\">\n<h2>Zielsetzung<\/h2>\n<p>Das WordCamp Frankfurt hat es sich als ein wichtiges Ziel gesetzt, die gr\u00f6\u00dftm\u00f6gliche Anzahl an Beitragenden mit den vielf\u00e4ltigsten und unterschiedlichsten Hintergr\u00fcnden einzubeziehen. Wir sehen es als unsere Aufgabe, eine freundliche, sichere und einladende Umgebung zu schaffen, unabh\u00e4ngig von Geschlecht, sexueller Orientierung, Bef\u00e4higung oder Behinderung, Herkunft, Religion (oder deren Nichtvorhandensein), gesellschaftlichem oder wirtschaftlichem Status, bevorzugtem Betriebssystem, Programmiersprache oder Texteditor.<\/p>\n<p>Dieser Verhaltenskodex umrei\u00dft unsere Erwartungen an alle Beteiligten des WordCamp Frankfurt, sowie die Konsequenzen f\u00fcr inakzeptables Verhalten.<br \/>\nWir laden alle Sponsoren, Speaker, Volunteers und Teilnehmenden des WordCamp Frankfurt ein, sichere und positive Erfahrungen f\u00fcr alle mitzugestalten.\n<\/p><\/div>\n<div class=\"de pos_3\">\n<h2>Open Source Citizenship<\/h2>\n<p>Ein zus\u00e4tzliches Ziel dieses Verhaltenskodexes ist es, die Open Source Citizenship zu st\u00e4rken. Insofern ermutigen wir unsere Teilnehmenden, die Beziehungen zwischen Handlungen und deren Auswirkungen auf unsere Community zu erkennen und zu st\u00e4rken.<br \/>\nCommunities spiegeln die Gesellschaften wider, in denen sie existieren. Positive Handlungen sind unerl\u00e4sslich, um den vielen Formen von Ungleichheit und Machtmissbrauch in der Gesellschaft entgegenzuwirken.<br \/>\nWenn du Personen begegnest, die sich viel M\u00fche geben, unsere Community einladend und freundlich zu gestalten und alle Teilnehmenden dazu anregt, sich voll einzubringen, w\u00fcrden wir gerne davon h\u00f6ren.\n<\/p><\/div>\n<div class=\"de pos_5\">\n<h2>Erwartetes Verhalten<\/h2>\n<p>Beteilige dich authentisch und aktiv. Leiste damit deinen Beitrag zu einem gelungenen WordCamp Frankfurt.<br \/>\nVerhalte dich r\u00fccksichts- und respektvoll in Wort und Tat.<br \/>\nBem\u00fche dich um Zusammenarbeit, damit du Konflikte von Anfang an vermeiden kannst.<br \/>\nNimm Abstand von erniedrigender, diskriminierender oder bel\u00e4stigender Sprache und Verhalten.<br \/>\nAchte auf deine Umgebung und die anderen Teilnehmenden. Mache die Veranstaltenden oder andere Anwesende darauf aufmerksam, wenn du eine gef\u00e4hrliche Situation, jemanden in Bedr\u00e4ngnis oder Verletzungen dieses Verhaltenskodexes bemerkst, selbst wenn sie zun\u00e4chst belanglos erscheinen.\n<\/p><\/div>\n<div class=\"de pos_7\">\n<h2>Inakzeptables Verhalten<\/h2>\n<p>Inakzeptable Verhaltensweisen beinhalten: Einsch\u00fcchterung, Bel\u00e4stigung, beleidigende, diskriminierende, abwertende oder erniedrigende Sprache und Verhalten durch jegliche Teilnehmenden w\u00e4hrend des WordCamps. Dies gilt online, auf allen zugeh\u00f6rigen Veranstaltungen und in pers\u00f6nlichen Gespr\u00e4chen im Rahmen unserer Community.<br \/>\nBel\u00e4stigung beinhaltet: Verletzende oder abwertende m\u00fcndliche oder schriftliche Kommentare in Bezug auf Geschlecht, sexuelle Orientierung, Abstammung, Religion, Behinderung; unangemessene Verwendung von Nacktheit und\/oder sexuellem Bildmaterial an \u00f6ffentlichen Orten (inklusive Pr\u00e4sentationsslides); absichtliche Einsch\u00fcchterung, Stalking oder Nachlaufen; bel\u00e4stigendes Fotografieren oder Filmen; st\u00e4ndige Unterbrechung von Vortr\u00e4gen oder anderen Events; unangemessener K\u00f6rperkontakt und unerw\u00fcnschte sexuelle Zuwendung.\n<\/p><\/div>\n<div class=\"de pos_9\">\n<h3>Folgen von inakzeptablem Verhalten<\/h3>\n<p>Inakzeptables Verhalten jeglicher Community-Mitglieder, einschlie\u00dflich Sponsoren, Speaker, Volunteers, OrgaTeam und Personal des Veranstaltungsortes, wird nicht toleriert.<br \/>\nWird das Unterlassen inakzeptablen Verhaltens verlangt, ist dem augenblicklich Folge zu leisten.<br \/>\nWenn ein Community-Mitglied sich auf inakzeptable Art und Weise verh\u00e4lt, steht es den Veranstaltenden zu, jegliche ihnen angemessen erscheinende Ma\u00dfnahme zu ergreifen, bis einschlie\u00dflich einem befristeten oder permanenten Ausschluss von der Veranstaltung ohne Warnung und ohne R\u00fcckerstattung von Kosten.<\/p>\n<h3>Wenn du inakzeptables Verhalten erlebst<\/h3>\n<p>Wenn du von inakzeptablem Verhalten betroffen bist, dieses beobachtest oder andere Anliegen hast, teile dies bitte so bald wie m\u00f6glich eine Organisator oder einem Volunteer, der dir eine Kontakt zum OrgaTeam herstellt, des WordCamps Frankfurt mit. Du erkennst das OrgaTeam und die Volunteers an ihren andersfarbigen WordCamp Frankfurt T-Shirts.<br \/>\nZus\u00e4tzlich stehen die Veranstaltenden zur Verf\u00fcgung, um Community-Mitgliedern dabei zu helfen, mit den lokalen Ordnungs- und\/oder Strafverfolgungskr\u00e4ften in Kontakt zu treten als auch ihr Sicherheitsgef\u00fchl anderweitig wieder herzustellen.<br \/>\nEine Meldung kann auch \u00fcber das unten angef\u00fcgte Kontaktformular erfolgen.\n<\/p><\/div>\n<div class=\"de pos_11\">\n<h2>Behandlung von Beschwerden<\/h2>\n<p>Wenn du dich zu Unrecht oder auf ungerechte Art und Weise beschuldigt f\u00fchlst, diesen Verhaltenskodex verletzt zu haben, wende dich bitte mit einer genauen Beschreibung deiner Beschwerde an das OrgaTeam des WordCamp Frankfurt. Deine Beschwerde wird sorgf\u00e4ltig gepr\u00fcft und behandelt werden.<br \/>\nGeltungsbereich<br \/>\nWir erwarten, dass sich alle Teilnehmenden des WordCamps Frankfurt an jedweden Veranstaltungsorten des WordCamp Frankfurt &#8211; online und offline &#8211; sowie in allen pers\u00f6nlichen Gespr\u00e4chen im Rahmen des WordCamp Frankfurt an diesen Verhaltenskodex halten.\n<\/p><\/div>\n<div class=\"de pos_13\">\nVerhaltenskodex WordCamp von WordPress Foundation ist lizenziert unter einer Creative Commons Namensnennung \u2013 Weitergabe unter gleichen Bedingungen 4.0 International Lizenz.<br \/>\nBeruht auf dem Werk unter <a href=\"https:\/\/plan.wordcamp.org\/code-of-conduct\/\">plan.wordcamp.org\/code-of-conduct\/<\/a> und <a href=\"http:\/\/berlincodeofconduct.org\/de\/\">berlincodeofconduct.org\/de\/<\/a>.\n<\/div>\n<div class=\"en pos_2\">\n<h2>Purpose<\/h2>\n<p>WordCamp Frankfurt believes our community should be truly open for everyone. As such, we are committed to providing a friendly, safe and welcoming environment for all, regardless of gender, sexual orientation, disability, ethnicity, religion, preferred operating system, programming language, or text editor.<br \/>\nThis code of conduct outlines our expectations for participant behavior as well as the consequences for unacceptable behavior.<br \/>\nWe invite all sponsors, volunteers, speakers, attendees, and other participants to help us realize a safe and positive conference experience for everyone.\n<\/p><\/div>\n<div class=\"en pos_4\">\n<h2>Open Source Citizenship<\/h2>\n<p>A supplemental goal of this code of conduct is to increase open source citizenship by encouraging participants to recognize and strengthen the relationships between what we do and the community at large.<br \/>\nIn service of this goal, WordCamp Frankfurt organizers will be taking nominations for exemplary citizens throughout the event and will recognize select participants after the conference on the website.<br \/>\nIf you see someone who is making an extra effort to ensure our community is welcoming, friendly, and encourages all participants to contribute to the fullest extent, we want to know.\n<\/p><\/div>\n<div class=\"en pos_6\">\n<h2>Expected Behavior<\/h2>\n<ul>\n<li>Be considerate, respectful, and collaborative.<\/li>\n<li>Refrain from demeaning, discriminatory or harassing behavior and speech.<\/li>\n<li>Be mindful of your surroundings and of your fellow participants. Alert conference organizers if you notice a dangerous situation or someone in distress.<\/li>\n<li>Participate in an authentic and active way. In doing so, you help to create WordCamp CITYNAMEHERE and make it your own.<\/li>\n<\/ul>\n<\/div>\n<div class=\"en pos_8\">\n<h2>Unacceptable Behavior<\/h2>\n<p>Unacceptable behaviors include: intimidating, harassing, abusive, discriminatory, derogatory or demeaning conduct by any attendees of WordCamp Frankfurt and related events. All WordCamp Frankfurt venues may be shared with members of the public; please be respectful to all patrons of these locations.<\/p>\n<p>Harassment includes: offensive verbal comments related to gender, sexual orientation, race, religion, disability; inappropriate use of nudity and\/or sexual images in public spaces (including presentation slides); deliberate intimidation, stalking or following; harassing photography or recording; sustained disruption of talks or other events; inappropriate physical contact, and unwelcome sexual attention.\n<\/p><\/div>\n<div class=\"en pos_10\">\n<h3>Consequences Of Unacceptable Behavior<\/h3>\n<p>Unacceptable behavior will not be tolerated whether by other attendees, organizers, venue staff, sponsors, or other patrons of WordCamp Frankfurt venues.<br \/>\nAnyone asked to stop unacceptable behavior is expected to comply immediately.<\/p>\n<p>If a participant engages in unacceptable behavior, the conference organizers may take any action they deem appropriate, up to and including expulsion from the conference without warning or refund.<\/p>\n<h3>What To Do If You Witness Or Are Subject To Unacceptable Behavior<\/h3>\n<p>If you are subject to unacceptable behavior, notice that someone else is being subject to unacceptable behavior, or have any other concerns, please notify a conference organizer as soon as possible.<\/p>\n<p>The WordCamp Frankfurt team will be available to help participants contact venue security or local law enforcement, to provide escorts, or to otherwise assist those experiencing unacceptable behavior to feel safe for the duration of the conference. Volunteers will be wearing differently colored shirts. Any volunteer can connect you with a conference organizer. You can also come to the special registration desk in the lobby and ask for the organizers.\n<\/p><\/div>\n<div class=\"en pos_12\">\n<h2>Scope<\/h2>\n<p>We expect all conference participants (sponsors, volunteers, speakers, attendees, and other guests) to abide by this code of conduct at all conference venues and conference-related social events.\n<\/p><\/div>\n<div class=\"en pos_14\">\nThis Code of Conduct is a direct swipe from the awesome work of Open Source Bridge, but with our event information substituted. The original is available at <a href=\"http:\/\/opensourcebridge.org\/about\/code-of-conduct\/\">opensourcebridge.org\/about\/code-of-conduct\/<\/a> and is released under a <a href=\"http:\/\/creativecommons.org\/licenses\/by-sa\/3.0\/\">Creative Commons Attribution-ShareAlike<\/a> license.\n<\/div>\n","protected":false},"excerpt":{"rendered":"<p>VerhaltenskodexCode of Conduct Zielsetzung Das WordCamp Frankfurt hat es sich als ein wichtiges Ziel gesetzt, die gr\u00f6\u00dftm\u00f6gliche Anzahl an Beitragenden mit den vielf\u00e4ltigsten und unterschiedlichsten Hintergr\u00fcnden einzubeziehen. Wir sehen es als unsere Aufgabe, eine freundliche, sichere und einladende Umgebung zu schaffen, unabh\u00e4ngig von Geschlecht, sexueller Orientierung, Bef\u00e4higung oder Behinderung, Herkunft, Religion (oder deren Nichtvorhandensein), gesellschaftlichem &hellip; <a href=\"https:\/\/frankfurt.wordcamp.org\/2016\/code-of-conduct\/\" class=\"more-link\"><span class=\"screen-reader-text\">Code of Conduct<\/span> weiterlesen <span class=\"meta-nav\">&rarr;<\/span><\/a><\/p>\n","protected":false},"author":8200561,"featured_media":0,"parent":0,"menu_order":0,"comment_status":"closed","ping_status":"closed","template":"","meta":{"_crdt_document":"","jetpack_post_was_ever_published":false,"footnotes":""},"class_list":["post-19","page","type-page","status-publish","hentry"],"jetpack_sharing_enabled":true,"jetpack_shortlink":"https:\/\/wp.me\/P6VV7T-j","_links":{"self":[{"href":"https:\/\/frankfurt.wordcamp.org\/2016\/wp-json\/wp\/v2\/pages\/19","targetHints":{"allow":["GET"]}}],"collection":[{"href":"https:\/\/frankfurt.wordcamp.org\/2016\/wp-json\/wp\/v2\/pages"}],"about":[{"href":"https:\/\/frankfurt.wordcamp.org\/2016\/wp-json\/wp\/v2\/types\/page"}],"author":[{"embeddable":true,"href":"https:\/\/frankfurt.wordcamp.org\/2016\/wp-json\/wp\/v2\/users\/8200561"}],"replies":[{"embeddable":true,"href":"https:\/\/frankfurt.wordcamp.org\/2016\/wp-json\/wp\/v2\/comments?post=19"}],"version-history":[{"count":5,"href":"https:\/\/frankfurt.wordcamp.org\/2016\/wp-json\/wp\/v2\/pages\/19\/revisions"}],"predecessor-version":[{"id":297,"href":"https:\/\/frankfurt.wordcamp.org\/2016\/wp-json\/wp\/v2\/pages\/19\/revisions\/297"}],"wp:attachment":[{"href":"https:\/\/frankfurt.wordcamp.org\/2016\/wp-json\/wp\/v2\/media?parent=19"}],"curies":[{"name":"wp","href":"https:\/\/api.w.org\/{rel}","templated":true}]}}